s 7 a factor of 61?
False
Is 6225 a multiple of 15?
True
Does 19 divide 2014?
True
Does 7 divide 283?
False
Is 22 a factor of 14916?
True
Is 799 a multiple of 47?
True
Is 1325 a multiple of 12?
False
Is 17 a factor of 823?
False
Does 14 divide 1000?
False
Does 12 divide 804?
True
Does 33 divide 787?
False
Does 47 divide 867?
False
Does 11 divide 2554?
False
Is 25289 a multiple of 11?
True
Is 35 a factor of 6860?
True
Does 136 divide 19992?
True
Is 1566 a multiple of 29?
True
Is 4666 a multiple of 11?
False
Is 23 a factor of 2412?
False
Is 21 a factor of 2436?
True
Does 55 divide 13676?
False
Is 938 a multiple of 67?
True
Is 638 a multiple of 3?
False
Is 17 a factor of 685?
False
Is 3674 a multiple of 10?
False
Is 3149 a multiple of 67?
True
Does 3 divide 81?
True
Is 8 a factor of 591?
False
Does 6 divide 217?
False
Is 7657 a multiple of 19?
True
Is 11 a factor of 882?
False
Is 18 a factor of 38030?
False
Is 2737 a multiple of 17?
True
Is 3350 a multiple of 134?
True
Is 85 a multiple of 18?
False
Does 17 divide 901?
True
Is 121 a factor of 44030?
False
Does 36 divide 2935?
False
Is 17917 a multiple of 19?
True
Is 48 a multiple of 24?
True
Is 327 a multiple of 17?
False
Is 13 a factor of 302?
False
Does 7 divide 290?
False
Is 1360 a multiple of 85?
True
Does 13 divide 1060?
False
Is 1275 a multiple of 15?
True
Does 13 divide 15493?
False
Does 32 divide 15264?
True
Does 31 divide 31307?
False
Is 52227 a multiple of 24?
False
Is 34 a factor of 21237?
False
Is 17116 a multiple of 239?
False
Is 6 a factor of 5029?
False
Is 8 a factor of 287?
False
Is 40 a factor of 5854?
False
Is 288 a factor of 32688?
False
Is 8270 a multiple of 12?
False
Is 7 a factor of 1304?
False
Does 128 divide 8841?
False
Does 2 divide 266?
True
Is 2203 a multiple of 4?
False
Is 8301 a multiple of 8?
False
Does 161 divide 13015?
False
Is 4 a factor of 544?
True
Is 11 a factor of 1138?
False
Is 3 a factor of 666?
True
Does 8 divide 944?
True
Is 1624 a multiple of 26?
False
Does 16 divide 38384?
True
Is 14 a factor of 22713?
False
Is 5586 a multiple of 17?
False
Is 21 a factor of 1310?
False
Is 11 a factor of 4785?
True
Is 408 a multiple of 59?
False
Is 1295 a multiple of 5?
True
Is 1424 a multiple of 33?
False
Is 36582 a multiple of 200?
False
Is 154 a factor of 28084?
False
Is 3786 a multiple of 22?
False
Is 21 a factor of 193?
False
Does 234 divide 39800?
False
Is 4545 a multiple of 15?
True
Is 61 a factor of 11163?
True
Is 64 a factor of 64?
True
Is 42234 a multiple of 13?
False
Does 457 divide 9597?
True
Is 28 a factor of 7254?
False
Does 122 divide 25892?
False
Is 11 a factor of 154?
True
Does 17 divide 18615?
True
Is 113 a factor of 4645?
False
Does 43 divide 11228?
False
Does 8 divide 16032?
True
Is 1170 a multiple of 18?
True
Is 18 a factor of 3715?
False
Does 20 divide 420?
True
Is 6118 a multiple of 20?
False
Is 527 a multiple of 31?
True
Is 900 a multiple of 3?
True
Is 2 a factor of 114?
True
Is 1582 a multiple of 74?
False
Is 20 a factor of 4760?
True
Is 8496 a multiple of 9?
True
Is 1024 a multiple of 9?
False
Does 95 divide 8741?
False
Is 299 a multiple of 13?
True
Is 735 a multiple of 21?
True
Is 64 a factor of 6650?
False
Is 15 a factor of 43776?
False
Is 20 a factor of 2617?
False
Is 13 a factor of 1690?
True
Does 6 divide 691?
False
Is 1140 a multiple of 76?
True
Does 18 divide 594?
True
Does 12 divide 1490?
False
Does 17 divide 457?
False
Does 29 divide 3001?
False
Is 7871 a multiple of 11?
False
Does 22 divide 4312?
True
Is 1125 a multiple of 14?
False
Is 13 a factor of 9776?
True
Does 52 divide 1404?
True
Does 18 divide 110310?
False
Is 13 a factor of 2678?
True
Is 43 a factor of 31100?
False
Is 68 a factor of 12334?
False
Does 97 divide 10977?
False
Does 9 divide 1773?
True
Does 27 divide 1488?
False
Is 1203 a multiple of 18?
False
Does 17 divide 487?
False
Is 2594 a multiple of 85?
False
Does 45 divide 93884?
False
Is 28 a factor of 3663?
False
Does 45 divide 94?
False
Is 7 a factor of 476?
True
Does 9 divide 13?
False
Is 238 a multiple of 9?
False
Is 10 a factor of 225?
False
Does 24 divide 90696?
True
Is 7 a factor of 1044?
False
Is 16 a factor of 2198?
False
Is 105 a factor of 18732?
False
Does 16 divide 7679?
False
Does 110 divide 3982?
False
Is 29 a factor of 8874?
True
Is 19 a factor of 2994?
False
Is 27 a factor of 334?
False
Does 12 divide 1404?
True
Is 8922 a multiple of 211?
False
Does 31 divide 610?
False
Does 16 divide 3557?
False
Is 414 a multiple of 69?
True
Is 59108 a multiple of 13?
False
Is 789 a multiple of 29?
False
Does 100 divide 1946?
False
Is 1592 a multiple of 26?
False
Is 16 a factor of 992?
True
Does 27 divide 236?
False
Is 4 a factor of 23403?
False
Is 180 a multiple of 5?
True
Is 1620 a multiple of 15?
True
Does 17 divide 238?
True
Is 66739 a multiple of 170?
False
Does 11 divide 363?
True
Is 1084 a multiple of 10?
False
Is 2 a factor of 1760?
True
Is 3 a factor of 423?
True
Does 2 divide 131?
False
Is 408 a multiple of 92?
False
Is 864 a multiple of 72?
True
Is 47 a factor of 209?
False
Is 12 a factor of 22200?
True
Is 18 a factor of 10273?
False
Does 25 divide 725?
True
Is 410 a multiple of 10?
True
Is 18039 a multiple of 21?
True
Is 13 a factor of 715?
True
Is 49 a factor of 245?
True
Is 1064 a multiple of 4?
True
Is 25319 a multiple of 28?
False
Does 97 divide 17848?
True
Does 181 divide 25660?
False
Does 13 divide 3567?
False
Does 16 divide 183?
False
Is 8 a factor of 5912?
True
Does 11 divide 598?
False
Is 10 a factor of 590?
True
Is 1393 a multiple of 43?
False
Is 85 a factor of 3655?
True
Is 40572 a multiple of 161?
True
Is 20 a factor of 92060?
True
Is 50 a factor of 922?
False
Does 4 divide 11828?
True
Is 857 a multiple of 6?
False
Is 176 a factor of 4048?
True
Is 2 a factor of 7?
False
Is 42 a factor of 5418?
True
Is 61 a factor of 1159?
True
Is 20 a factor of 576?
False
Is 6960 a multiple of 120?
True
Is 189 a multiple of 9?
True
Is 7 a factor of 2135?
True
Is 145 a factor of 34157?
False
Does 55 divide 90?
False
Is 55425 a multiple of 39?
False
Is 76 a factor of 3724?
True
Does 26 divide 2438?
False
Is 2 a factor of 169?
False
Is 21 a factor of 420?
True
Does 63 divide 1323?
True
Is 160 a factor of 21753?
False
Is 1858 even?
True
Is 1952 a multiple of 104?
False
Is 2530 a multiple of 23?
True
Is 96 a factor of 1824?
True
Does 77 divide 4466?
True
Is 66690 a multiple of 114?
True
Is 3960 a multiple of 20?
True
Is 704 a multiple of 22?
True
Is 163 a multiple of 13?
False
Is 1211 a multiple of 11?
False
Does 10 divide 31700?
True
Is 238 a factor of 5156?
False
Does 29 divide 2262?
True
Is 453 a multiple of 6?
False
Is 4 a factor of 6533?
False
Is 35 a factor of 280?
True
Is 18928 a multiple of 112?
True
Is 50460 a multiple of 30?
True
Is 1944 a multiple of 18?
True
Is 4 a factor of 4639?
False
Is 26 a factor of 130?
True
Is 928 a multiple of 32?
True
Does 19 divide 741?
True
Is 103326 a multiple of 9?
False
Does 42 divide 2226?
True
Is 3911 a multiple of 250?
False
Is 6 a factor of 9375?
False
Is 11362 a multiple of 38?
True
Is 535 a multiple of 4?
False
Does 51 divide 51?
True
Is 707 a multiple of 4?
False
Does 87 divide 9779?
False
Is 1348 a multiple of 20?
False
Does 19 divide 17594?
True
Is 2250 a multiple of 15?
True
Is 1576 a multiple of 19?
False
Is 229 a factor of 1190?
False
Does 27 divide 3974?
False
Does 12 divide 1117?
False
Is 39 a factor of 3651?
False
Is 2493 a multiple of 6?
False
Is 384 a multiple of 96?
True
Is 4896 a multiple of 18?
True
Is 14650 a multiple of 50?
True
Is 185 a multiple of 91?
False
Does 57 divide 6196?
False
Is 20 a factor of 2160?
True
Is 22 a factor of 61?
False
Does 6 divide 3079?
False
Is 12 a factor of 2520?
True
Is 29 a factor of 6061?
True
Is 14180 a multiple of 131?
False
Does 4 divide 4433?
False
Is 11 a factor of 38306?
False
Is 14 a factor of 592?
False
Is 8 a factor of 2240?
True
Does 51 divide 27948?
True
Does 128 divide 42210?
False
Is 50 a factor of 50?
True
Is 290 a multiple of 5?
True
Is 26 a factor of 943?
False
Is 1584 a multiple of 18?
True
Is 13 a factor of 1032?
False
Is 181 a multiple of 10?
False
Does 25 divide 33676?
False
Is 88 a factor of 35728?
True
Is 1832 a multiple of 26?
False
Is 345 a multiple of 4?
False
Is 4 a factor of 1665?
False
Is 13 a f